of 13488?
3
What is the units digit of 1160?
0
What is the thousands digit of 16210?
6
What is the tens digit of 664?
6
What is the hundreds digit of 6402?
4
What is the units digit of 2034?
4
What is the thousands digit of 110798?
0
What is the hundreds digit of 519?
5
What is the ten thousands digit of 55390?
5
What is the units digit of 4329?
9
What is the tens digit of 7024?
2
What is the units digit of 3422?
2
What is the thousands digit of 46092?
6
What is the ten thousands digit of 91035?
9
What is the units digit of 903?
3
What is the hundreds digit of 328?
3
What is the tens digit of 112?
1
What is the hundreds digit of 91649?
6
What is the tens digit of 449?
4
What is the hundreds digit of 1650?
6
What is the thousands digit of 154942?
4
What is the hundreds digit of 1719?
7
What is the units digit of 1618?
8
What is the tens digit of 723?
2
What is the ten thousands digit of 14440?
1
What is the units digit of 352?
2
What is the hundreds digit of 467?
4
What is the units digit of 30933?
3
What is the hundreds digit of 14006?
0
What is the hundreds digit of 850?
8
What is the tens digit of 33022?
2
What is the hundreds digit of 6678?
6
What is the units digit of 8256?
6
What is the tens digit of 1081?
8
What is the units digit of 717?
7
What is the hundreds digit of 5862?
8
What is the hundreds digit of 139?
1
What is the hundreds digit of 4994?
9
What is the tens digit of 1504?
0
What is the units digit of 37029?
9
What is the tens digit of 1406?
0
What is the thousands digit of 34283?
4
What is the tens digit of 15445?
4
What is the tens digit of 1431?
3
What is the tens digit of 9923?
2
What is the thousands digit of 117242?
7
What is the hundreds digit of 52386?
3
What is the hundreds digit of 6665?
6
What is the tens digit of 31516?
1
What is the hundreds digit of 187301?
3
What is the hundreds digit of 5837?
8
What is the thousands digit of 23379?
3
What is the tens digit of 51720?
2
What is the tens digit of 2994?
9
What is the units digit of 11591?
1
What is the thousands digit of 54587?
4
What is the tens digit of 1914?
1
What is the units digit of 3345?
5
What is the tens digit of 4107?
0
What is the tens digit of 6869?
6
What is the hundreds digit of 269?
2
What is the thousands digit of 16086?
6
What is the units digit of 20538?
8
What is the tens digit of 112?
1
What is the units digit of 4339?
9
What is the thousands digit of 3638?
3
What is the units digit of 42?
2
What is the thousands digit of 9272?
9
What is the thousands digit of 17155?
7
What is the units digit of 6001?
1
What is the tens digit of 10394?
9
What is the units digit of 7288?
8
What is the units digit of 1444?
4
What is the ten thousands digit of 19898?
1
What is the units digit of 794?
4
What is the tens digit of 3260?
6
What is the units digit of 199?
9
What is the units digit of 15843?
3
What is the tens digit of 1493?
9
What is the hundreds digit of 2082?
0
What is the hundreds digit of 3699?
6
What is the units digit of 7?
7
What is the tens digit of 1241?
4
What is the tens digit of 1145?
4
What is the tens digit of 450?
5
What is the tens digit of 5966?
6
What is the units digit of 117540?
0
What is the units digit of 643?
3
What is the tens digit of 10345?
4
What is the tens digit of 2444?
4
What is the hundreds digit of 26040?
0
What is the hundreds digit of 41894?
8
What is the hundreds digit of 7807?
8
What is the tens digit of 23197?
9
What is the thousands digit of 4537?
4
What is the hundreds digit of 619?
6
What is the thousands digit of 19328?
9
What is the units digit of 78492?
2
What is the hundreds digit of 2270?
2
What is the units digit of 304?
4
What is the units digit of 71316?
6
What is the thousands digit of 6721?
6
What is the units digit of 11262?
2
What is the tens digit of 17758?
5
What is the thousands digit of 2724?
2
What is the tens digit of 4491?
9
What is the hundreds digit of 787?
7
What is the thousands digit of 1652?
1
What is the hundreds digit of 15489?
4
What is the units digit of 1943?
3
What is the hundreds digit of 97993?
9
What is the ten thousands digit of 20555?
2
What is the hundreds digit of 10431?
4
What is the units digit of 933?
3
What is the units digit of 647?
7
What is the ten thousands digit of 87904?
8
What is the tens digit of 822?
2
What is the thousands digit of 32828?
2
What is the hundreds digit of 144752?
7
What is the units digit of 76?
6
What is the hundreds digit of 71876?
8
What is the tens digit of 873?
7
What is the units digit of 9244?
4
What is the tens digit of 2030?
3
What is the thousands digit of 16309?
6
What is the tens digit of 5569?
6
What is the hundreds digit of 30463?
4
What is the hundreds digit of 3337?
3
What is the ten thousands digit of 70031?
7
What is the units digit of 14738?
8
What is the thousands digit of 17699?
7
What is the ten thousands digit of 86826?
8
What is the tens digit of 36876?
7
What is the units digit of 43864?
4
What is the hundreds digit of 26841?
8
What is the hundreds digit of 3943?
9
What is the tens digit of 5143?
4
What is the tens digit of 134?
3
What is the ten thousands digit of 28947?
2
What is the hundreds digit of 5328?
3
What is the units digit of 1813?
3
What is the thousands digit of 5032?
5
What is the thousands digit of 13098?
3
What is the units digit of 2037?
7
What is the units digit of 5254?
4
What is the hundreds digit of 186?
1
What is the units digit of 13456?
6
What is the hundreds digit of 3400?
4
What is the tens digit of 9421?
2
What is the tens digit of 17222?
2
What is the tens digit of 23959?
5
What is the hundreds digit of 69845?
8
What is the tens digit of 2614?
1
What is the thousands digit of 23365?
3
What is the thousands digit of 31984?
1
What is the units digit of 355?
5
What is the units digit of 44701?
1
What is the tens digit of 5938?
3
What is the thousands digit of 13623?
3
What is the tens digit of 2337?
3
What is the thousands digit of 1630?
1
What is the thousands digit of 70729?
0
What is the units digit of 5961?
1
What is the tens digit of 131844?
4
What is the units digit of 4893?
3
What is the thousands digit of 1378?
1
What is the tens digit of 10394?
9
What is the tens digit of 349?
4
What is the tens digit of 29307?
0
What is the units digit of 2146?
6
What is the tens digit of 3885?
8
What is the units digit of 22787?
7
What is the tens digit of 224?
2
What is the hundreds digit of 53080?
0
What is the units digit of 1457?
7
What is the hundreds digit of 339?
3
What is the units digit of 13588?
8
What is the tens digit of 1304?
0
What is the units digit of 4321?
1
What is the units digit of 5139?
9
What is the tens digit of 3373?
7
What is the hundreds digit of 11653?
6
What is the tens digit of 7384?
8
What is the thousands digit of 1598?
1
What is the thousands digit of 37459?
7
What is the units digit of 2215?
5
What is the hundreds digit of 1026?
0
What is the hundreds digit of 9003?
0
What is the tens digit of 6038?
3
What is the units digit of 56440?
0
What is the tens digit of 130?
3
What is the hundreds digit of 803?
8
What is the hundreds digit of 52698?
6
What is the units digit of 91053?
3
What is the units digit of 13017?
7
What is the thousands digit of 1738?
1
What is the units digit of 3221?
1
What is the thousands digit of 1797?
1
What is the units digit of 445?
5
What is the units digit of 4550?
0
What is the thousands digit of 1748?
1
What is the tens digit of 13302?
0
What is the thousands digit of 13045?
3
What is the ten thousands digit of 84298?
8
What is the thousands digit of 11963?
1
What is the hundreds digit of 151?
1
What is the tens digit of 25091?
9
What is the ten thousands digit of 13899?
1
What is the thousands digit of 4543?
4
What is the hundreds digit of 1908?
9
What is the units digit of 965?
5
What is the tens digit of 159817?
1
What is the thousands digit of 7737?
7
What is the units digit of 55993?
3
What is the hundreds digit of 71110?
1
What is the tens digit of 53?
5
What is the units digit of 5355?
5
What is the units digit of 12172?
2
What is the hundreds digit of 109797?
7
What is the hundreds digit of 979?
9
What is the units digit of 933?
3
What is the hundreds digit of 14696?
6
What is the hundreds digit of 656?
6
What is the units digit o